 is -1011301 + 31030?
-320211
In base 13, what is -18a2 + -64?
-1936
In base 12, what is 86069 + 2?
8606b
In base 12, what is -5 - 51396?
-5139b
In base 8, what is -1 + -422012?
-422013
In base 4, what is -113121232 - -3?
-113121223
In base 11, what is 643a4a + -4?
643a46
In base 11, what is 369 + 205?
573
In base 10, what is 712 - 133?
579
In base 6, what is 401555 - -21?
402020
In base 3, what is -10011201 + -100?
-10012001
In base 7, what is -25255 + 16?
-25236
In base 3, what is 11 - -210111010?
210111021
In base 14, what is 16 - -456d?
4585
In base 8, what is -15364 - 21?
-15405
In base 3, what is -210011021 - 11?
-210011102
In base 5, what is -421 + 12312?
11341
In base 9, what is -36 - -20?
-16
In base 2, what is -10000000001111000001 - 1?
-10000000001111000010
In base 12, what is -2 + -a4039?
-a403b
In base 8, what is 2 + 113020?
113022
In base 7, what is 1313 + -10115?
-5502
In base 16, what is -e - -96e?
960
In base 9, what is 0 + -2226027?
-2226027
In base 5, what is -4 + -214110100?
-214110104
In base 14, what is 2 - 62ac?
-62aa
In base 5, what is -44 - 2034243?
-2034342
In base 2, what is 111 - 101001010011?
-101001001100
In base 3, what is 1110102020101 + 1?
1110102020102
In base 14, what is -5 - 231cb7?
-231cbc
In base 7, what is -163143 + -234?
-163410
In base 13, what is -a + 17b5a?
17b50
In base 6, what is 0 - -2535314?
2535314
In base 5, what is -3144023 + -104?
-3144132
In base 13, what is c - -32233?
32242
In base 10, what is -32 - 38657?
-38689
In base 12, what is 4 + -8915?
-8911
In base 6, what is -2525333 - -3?
-2525330
In base 15, what is -22413 - -2?
-22411
In base 2, what is -11101 + -11110111000?
-11111010101
In base 6, what is -2 + 205202?
205200
In base 9, what is -32 + -12735?
-12767
In base 9, what is 4 - -186237?
186242
In base 16, what is 106b7 + 4?
106bb
In base 15, what is 3 - 2393?
-2390
In base 13, what is 234b6 - 1?
234b5
In base 4, what is 33112 - -1022?
100200
In base 7, what is 3 + 1021?
1024
In base 12, what is -b6 - -4143?
4049
In base 14, what is 5 + 200d5?
200da
In base 6, what is 11201 + -53?
11104
In base 10, what is -171750 + -1?
-171751
In base 4, what is 3122120 - -2031?
3130211
In base 7, what is 1200306 - -3?
1200312
In base 10, what is -60 + 15?
-45
In base 3, what is 12020 + 21201?
110221
In base 15, what is e + -e17?
-e08
In base 6, what is -133110 + 2?
-133104
In base 3, what is 11 - 121110011120?
-121110011102
In base 15, what is 13 - 40c0?
-40ac
In base 7, what is -3413356 + 0?
-3413356
In base 11, what is -24928 - 13?
-24940
In base 12, what is 2 - 3847?
-3845
In base 16, what is 5 - 3c8b?
-3c86
In base 12, what is -1ab8 - -1?
-1ab7
In base 4, what is -3213030 - -3?
-3213021
In base 13, what is -11ba + -4?
-11c1
In base 12, what is -1514 - -2?
-1512
In base 7, what is 225011 - -2?
225013
In base 5, what is -1012242 - -42?
-1012200
In base 11, what is 5 - 8037a?
-80375
In base 4, what is 2213112303 + -3?
2213112300
In base 15, what is -c33 + -18?
-c4b
In base 15, what is a33 + 11?
a44
In base 6, what is 153120 + 1?
153121
In base 2, what is 1010101110100 + 1?
1010101110101
In base 3, what is 2112211 - -2?
2112220
In base 16, what is -29 + -80f9?
-8122
In base 9, what is -218316 - 1?
-218317
In base 11, what is -1143177 - -3?
-1143174
In base 15, what is 2 + -3638?
-3636
In base 9, what is 1131382 + -1?
1131381
In base 14, what is 217c + -24?
2158
In base 7, what is 320 - -1401?
2021
In base 12, what is -12864 - 0?
-12864
In base 4, what is -12 + -3211211?
-3211223
In base 15, what is 0 + ca5d0?
ca5d0
In base 12, what is 5 - -125972?
125977
In base 14, what is 2ac + -54?
258
In base 7, what is 0 - 656462?
-656462
In base 5, what is -1334134 + 10?
-1334124
In base 7, what is -23 - 34533?
-34556
In base 15, what is 8 + 158ad?
158b6
In base 10, what is 32 + -168304?
-168272
In base 15, what is -7 + -5e65?
-5e6c
In base 13, what is -113 + 184?
71
In base 6, what is 2433 + 1023?
3500
In base 8, what is -45363 + -3?
-45366
In base 6, what is 5 + -402033?
-402024
In base 12, what is -13a + 2b9?
17b
In base 12, what is 0 + -1328b0?
-1328b0
In base 15, what is 345c + -3?
3459
In base 16, what is -2 - da6c3?
-da6c5
In base 9, what is 55 - 108851?
-108785
In base 11, what is 1a + 1666?
1685
In base 9, what is 1737367 - -3?
1737371
In base 8, what is 2276430 - 5?
2276423
In base 9, what is -127 - 111?
-238
In base 16, what is -30794 + -e?
-307a2
In base 13, what is 1 - 6460?
-645c
In base 6, what is -10 - -521151?
521141
In base 11, what is -1268 + 1?
-1267
In base 3, what is -12 - 1000211201?
-1000211220
In base 11, what is 180 + 2399?
2569
In base 15, what is ae + ae10?
aebe
In base 6, what is -320125 - -414?
-315311
In base 5, what is -4 - -44421411?
44421402
In base 15, what is 7 + -57b?
-574
In base 13, what is -a28 + -14?
-a3c
In base 16, what is 1 + -2e82?
-2e81
In base 13, what is -4 + -151956?
-15195a
In base 14, what is -8364d - -4?
-83649
In base 4, what is -111 - -1322300?
1322123
In base 7, what is -2 + 43313?
43311
In base 5, what is 3 - -111114121?
111114124
In base 11, what is -7 - 18654?
-18660
In base 14, what is -4 - 1d1c?
-1d22
In base 8, what is 11 + 7137?
7150
In base 11, what is 122 - -2727?
2849
In base 13, what is -61c75 + 4?
-61c71
In base 11, what is -96 - 19a8?
-1a93
In base 14, what is -116474 + 0?
-116474
In base 2, what is 0 + -110101110110110?
-110101110110110
In base 10, what is 148 + 215?
363
In base 9, what is -802 + -4806?
-5708
In base 2, what is 111111000100 - -11?
111111000111
In base 7, what is -556 - -2143?
1254
In base 7, what is 3 + 2364564?
2364600
In base 9, what is 23 + 361725?
361748
In base 4, what is -3220203 - -11?
-3220132
In base 6, what is 33 - -14132?
14205
In base 2, what is 11110010000100110 - -101?
11110010000101011
In base 13, what is -b6a4 + -4?
-b6a8
In base 12, what is -3 - -1ab56?
1ab53
In base 9, what is 18830741 + 2?
18830743
In base 3, what is -212110122 - 2?
-212110201
In base 15, what is -2207e8 + 3?
-2207e5
In base 9, what is -84 - 5217?
-5312
In base 10, what is 0 - 2252?
-2252
In base 10, what is -38 + -214?
-252
In base 8, what is -155253 + -4?
-155257
In base 12, what is 555 - 100?
455
In base 14, what is -5 - b3c49?
-b3c50
In base 16, what is 6 - 240af?
-240a9
In base 14, what is -7759 - 1?
-775a
In base 12, what is 808 - 0?
808
In base 5, what is -4 - -1132214?
1132210
In base 12, what is -151 + -2b16?
-3067
In base 11, what is -607 - -a7?
-510
In base 13, what is 3 + 4a274?
4a277
In base 8, what is -10 + -373234?
-373244
In base 15, what is -6e5 + -33?
-728
In base 4, what is -2312 - -10202?
1230
In base 13, what is 3a - -2c0?
32a
In base 5, what is 4 + -240230034?
-240230030
In base 2, what is 1010000001101 - 111?
1010000000110
In base 2, what is 10100001 + -111011011?
-100111010
In base 3, what is 10 + -222122200?
-222122120
In base 7, what is 2414 + -150?
2234
In base 16, what is -1 - -3cdd?
3cdc
In base 5, what is 2 + -120024?
-120022
In base 16, what is -15e + 1a95?
1937
In base 6, what is -2515 + 303?
-2212
In base 7, what is 1016 - 1552?
-533
In base 16, what is 0 - -14e53?
14e53
In base 10, what is -49464 + 12?
-49452
In base 12, what is 1 + 15aa1?
15aa2
In base 7, what is -111 + 6014?
5603
In base 3, what is -12022 + 2121?
-2201
In base 9, what is -71 + -2626?
-2707
In base 10, what is 2752 - -4?
2756
In base 5, what is 41133041 + -22?
41133014
In base 2, what is 1011011100110000001100 - -1?
1011011100110000001101
In base 12, what is 1 + 735?
736
In base 9, what is -6 - -4027?
4021
In base 15, what is -bd + -edc?
-10aa
In base 15, what is -1548 + 92?
-14a6
In base 14, what is -4 - 9548?
-954c
In base 5, what is -114400032 - 1?
-114400033
In base 13, what is 4577 - 3?
4574
In base 8, what is -105604 - -1?
-105603
In base 16, what is 4f5726 + 5?
4f572b
In base 12, what is -72 + -4141?
-41b3
In base 5, what is 1142 - 102242?
-101100
In base 10, what is 369849 + -7?
369842
In base 7, what is 3 + -34324?
-34321
In base 13, what is -1739b - -1?
-1739a
In base 15, what is 9 - -146eb?
14705
In base 3, what is -210 - -2000111221?
2000111011
In base 7, what is 312640 - -1?
312641
In base 5, what is 301221 - -4020?
310241
In base 9, what is -3072 - 28?
-3111
In base 14, what is -1ca3 - 15?
-1cb8
In base 6, what is -13040